{"id":3164,"date":"2023-02-20T21:04:08","date_gmt":"2023-02-20T19:04:08","guid":{"rendered":"https:\/\/www.niklas.folkegard.se\/?page_id=3164"},"modified":"2023-03-21T21:49:48","modified_gmt":"2023-03-21T19:49:48","slug":"illustration","status":"publish","type":"page","link":"https:\/\/www.niklas.folkegard.se\/?page_id=3164","title":{"rendered":"illustration"},"content":{"rendered":"\n<p>Jag g\u00f6r bilder. H\u00e4r \u00e4r n\u00e5gra!<\/p>\n\n\n\n<div class=\"is-layout-flow wp-block-query\"><ul class=\"is-layout-flow wp-block-post-template\"><li class=\"wp-block-post post-3229 post type-post status-publish format-standard has-post-thumbnail hentry category-bilder\">\n<h2 class=\"wp-block-post-title\"><a href=\"https:\/\/www.niklas.folkegard.se\/?p=3229\" target=\"_self\" >Remix och feltolkningar<\/a><\/h2>\n\n<figure class=\"alignwide wp-block-post-featured-image\"><a href=\"https:\/\/www.niklas.folkegard.se\/?p=3229\" target=\"_self\" ><img width=\"776\" height=\"1000\" src=\"https:\/\/www.niklas.folkegard.se\/wp-content\/uploads\/2023\/03\/marx_martinus_tshirt_logo-1.png\" class=\"attachment-post-thumbnail size-post-thumbnail wp-post-image\" alt=\"Remix och feltolkningar\" decoding=\"async\" loading=\"lazy\" srcset=\"https:\/\/www.niklas.folkegard.se\/wp-content\/uploads\/2023\/03\/marx_martinus_tshirt_logo-1.png 776w, https:\/\/www.niklas.folkegard.se\/wp-content\/uploads\/2023\/03\/marx_martinus_tshirt_logo-1-233x300.png 233w, https:\/\/www.niklas.folkegard.se\/wp-content\/uploads\/2023\/03\/marx_martinus_tshirt_logo-1-768x990.png 768w\" sizes=\"(max-width: 776px) 100vw, 776px\" \/><\/a><\/figure>\n\n<div class=\"wp-block-post-excerpt\"><p class=\"wp-block-post-excerpt__excerpt\">Felanv\u00e4nda bilder och logotyper, n\u00e5gra exempel. <\/p><\/div>\n\n\n<hr class=\"wp-block-separator has-css-opacity\"\/>\n\n\n<div class=\"wp-block-post-date\"><time datetime=\"2023-02-16T17:00:00+02:00\">2023\/02\/16<\/time><\/div>\n<\/li><li class=\"wp-block-post post-3223 post type-post status-publish format-standard has-post-thumbnail hentry category-bilder\">\n<h2 class=\"wp-block-post-title\"><a href=\"https:\/\/www.niklas.folkegard.se\/?p=3223\" target=\"_self\" >Kursmaterial<\/a><\/h2>\n\n<figure class=\"alignwide wp-block-post-featured-image\"><a href=\"https:\/\/www.niklas.folkegard.se\/?p=3223\" target=\"_self\" ><img width=\"2480\" height=\"2387\" src=\"https:\/\/www.niklas.folkegard.se\/wp-content\/uploads\/2023\/03\/montage_film_grain_cropped.png\" class=\"attachment-post-thumbnail size-post-thumbnail wp-post-image\" alt=\"Kursmaterial\" decoding=\"async\" loading=\"lazy\" srcset=\"https:\/\/www.niklas.folkegard.se\/wp-content\/uploads\/2023\/03\/montage_film_grain_cropped.png 2480w, https:\/\/www.niklas.folkegard.se\/wp-content\/uploads\/2023\/03\/montage_film_grain_cropped-300x289.png 300w, https:\/\/www.niklas.folkegard.se\/wp-content\/uploads\/2023\/03\/montage_film_grain_cropped-1024x986.png 1024w, https:\/\/www.niklas.folkegard.se\/wp-content\/uploads\/2023\/03\/montage_film_grain_cropped-768x739.png 768w, https:\/\/www.niklas.folkegard.se\/wp-content\/uploads\/2023\/03\/montage_film_grain_cropped-1536x1478.png 1536w, https:\/\/www.niklas.folkegard.se\/wp-content\/uploads\/2023\/03\/montage_film_grain_cropped-2048x1971.png 2048w\" sizes=\"(max-width: 2480px) 100vw, 2480px\" \/><\/a><\/figure>\n\n<div class=\"wp-block-post-excerpt\"><p class=\"wp-block-post-excerpt__excerpt\">Jag gick ett par kurser i Illustration. H\u00e4r \u00e4r n\u00e5gra \u00f6vningar! <\/p><\/div>\n\n\n<hr class=\"wp-block-separator has-css-opacity\"\/>\n\n\n<div class=\"wp-block-post-date\"><time datetime=\"2020-12-16T17:00:00+02:00\">2020\/12\/16<\/time><\/div>\n<\/li><li class=\"wp-block-post post-3217 post type-post status-publish format-standard has-post-thumbnail hentry category-bilder tag-inktober\">\n<h2 class=\"wp-block-post-title\"><a href=\"https:\/\/www.niklas.folkegard.se\/?p=3217\" target=\"_self\" >Inktober<\/a><\/h2>\n\n<figure class=\"alignwide wp-block-post-featured-image\"><a href=\"https:\/\/www.niklas.folkegard.se\/?p=3217\" target=\"_self\" ><img width=\"2560\" height=\"2560\" src=\"https:\/\/www.niklas.folkegard.se\/wp-content\/uploads\/2023\/03\/hide-scaled.jpg\" class=\"attachment-post-thumbnail size-post-thumbnail wp-post-image\" alt=\"Inktober\" decoding=\"async\" loading=\"lazy\" srcset=\"https:\/\/www.niklas.folkegard.se\/wp-content\/uploads\/2023\/03\/hide-scaled.jpg 2560w, https:\/\/www.niklas.folkegard.se\/wp-content\/uploads\/2023\/03\/hide-300x300.jpg 300w, https:\/\/www.niklas.folkegard.se\/wp-content\/uploads\/2023\/03\/hide-1024x1024.jpg 1024w, https:\/\/www.niklas.folkegard.se\/wp-content\/uploads\/2023\/03\/hide-150x150.jpg 150w, https:\/\/www.niklas.folkegard.se\/wp-content\/uploads\/2023\/03\/hide-768x768.jpg 768w, https:\/\/www.niklas.folkegard.se\/wp-content\/uploads\/2023\/03\/hide-1536x1536.jpg 1536w, https:\/\/www.niklas.folkegard.se\/wp-content\/uploads\/2023\/03\/hide-2048x2048.jpg 2048w\" sizes=\"(max-width: 2560px) 100vw, 2560px\" \/><\/a><\/figure>\n\n<div class=\"wp-block-post-excerpt\"><p class=\"wp-block-post-excerpt__excerpt\">Jag var med p\u00e5 Inktober 2020 f\u00f6r att f\u00e5 roliga bildutmaningar och \u00f6vning i att tuscha och publicera. H\u00e4r \u00e4r n\u00e5gra exempel. <\/p><\/div>\n\n\n<hr class=\"wp-block-separator has-css-opacity\"\/>\n\n\n<div class=\"wp-block-post-date\"><time datetime=\"2020-11-01T16:00:00+02:00\">2020\/11\/01<\/time><\/div>\n<\/li><\/ul><\/div>\n\n\n\n<div class=\"is-layout-flow wp-block-query\"><ul class=\"is-layout-flow wp-block-post-template\"><li class=\"wp-block-post post-3229 post type-post status-publish format-standard has-post-thumbnail hentry category-bilder\"><\/li><li class=\"wp-block-post post-3223 post type-post status-publish format-standard has-post-thumbnail hentry category-bilder\"><\/li><li class=\"wp-block-post post-3217 post type-post status-publish format-standard has-post-thumbnail hentry category-bilder tag-inktober\"><\/li><\/ul>\n\n\n\n<\/div>\n","protected":false},"excerpt":{"rendered":"<p>Jag g\u00f6r bilder. H\u00e4r \u00e4r n\u00e5gra!<\/p>\n","protected":false},"author":3,"featured_media":0,"parent":0,"menu_order":3,"comment_status":"closed","ping_status":"closed","template":"","meta":{"ngg_post_thumbnail":0},"_links":{"self":[{"href":"https:\/\/www.niklas.folkegard.se\/index.php?rest_route=\/wp\/v2\/pages\/3164"}],"collection":[{"href":"https:\/\/www.niklas.folkegard.se\/index.php?rest_route=\/wp\/v2\/pages"}],"about":[{"href":"https:\/\/www.niklas.folkegard.se\/index.php?rest_route=\/wp\/v2\/types\/page"}],"author":[{"embeddable":true,"href":"https:\/\/www.niklas.folkegard.se\/index.php?rest_route=\/wp\/v2\/users\/3"}],"replies":[{"embeddable":true,"href":"https:\/\/www.niklas.folkegard.se\/index.php?rest_route=%2Fwp%2Fv2%2Fcomments&post=3164"}],"version-history":[{"count":6,"href":"https:\/\/www.niklas.folkegard.se\/index.php?rest_route=\/wp\/v2\/pages\/3164\/revisions"}],"predecessor-version":[{"id":3237,"href":"https:\/\/www.niklas.folkegard.se\/index.php?rest_route=\/wp\/v2\/pages\/3164\/revisions\/3237"}],"wp:attachment":[{"href":"https:\/\/www.niklas.folkegard.se\/index.php?rest_route=%2Fwp%2Fv2%2Fmedia&parent=3164"}],"curies":[{"name":"wp","href":"https:\/\/api.w.org\/{rel}","templated":true}]}}